t is 11001 (base 2) in base 4?
121
What is -13 (base 15) in base 13?
-15
10 (base 4) to base 14
4
Convert -7 (base 16) to base 2.
-111
What is 37 (base 8) in base 5?
111
What is 3 (base 10) in base 5?
3
4 (base 12) to base 2
100
What is -54 (base 6) in base 10?
-34
Convert -121 (base 13) to base 6.
-524
-242 (base 8) to base 6
-430
14 (base 12) to base 7
22
-112 (base 5) to base 7
-44
What is 10 (base 2) in base 13?
2
Convert 1 (base 5) to base 9.
1
76 (base 15) to base 9
133
What is -205 (base 6) in base 12?
-65
What is -211 (base 3) in base 2?
-10110
-5 (base 7) to base 12
-5
a (base 14) to base 15
a
Convert -4 (base 13) to base 15.
-4
-100 (base 4) to base 15
-11
1101 (base 2) to base 11
12
Convert 2 (base 8) to base 2.
10
What is -5 (base 6) in base 13?
-5
Convert -210 (base 9) to base 7.
-333
-26 (base 16) to base 10
-38
What is 2 (base 15) in base 3?
2
Convert 1e (base 16) to base 9.
33
What is -4 (base 11) in base 15?
-4
What is -231 (base 5) in base 8?
-102
Convert 3 (base 8) to base 9.
3
What is -16 (base 12) in base 13?
-15
4 (base 11) to base 4
10
Convert 3 (base 8) to base 11.
3
What is -2 (base 6) in base 8?
-2
Convert 12 (base 4) to base 16.
6
Convert -11 (base 6) to base 14.
-7
-8 (base 11) to base 15
-8
-3 (base 10) to base 8
-3
What is 10000 (base 2) in base 8?
20
45 (base 6) to base 8
35
What is -34 (base 6) in base 12?
-1a
What is 7 (base 10) in base 2?
111
-1 (base 14) to base 3
-1
2 (base 7) to base 11
2
Convert 13 (base 13) to base 9.
17
10 (base 3) to base 13
3
Convert 3 (base 8) to base 9.
3
Convert 5b (base 12) to base 11.
65
-111 (base 2) to base 8
-7
Convert -233 (base 5) to base 12.
-58
What is 103 (base 7) in base 2?
110100
-2 (base 10) to base 13
-2
Convert -76 (base 9) to base 16.
-45
What is -23 (base 5) in base 9?
-14
What is 1 (base 2) in base 13?
1
Convert 1201 (base 3) to base 12.
3a
Convert -60 (base 14) to base 6.
-220
What is 21 (base 5) in base 15?
b
-185 (base 12) to base 7
-500
1 (base 5) to base 7
1
Convert -134 (base 6) to base 8.
-72
What is -1 (base 6) in base 12?
-1
What is 74 (base 13) in base 9?
115
What is -1 (base 11) in base 6?
-1
-12 (base 8) to base 5
-20
40 (base 11) to base 5
134
What is 108 (base 9) in base 14?
65
What is 0 (base 11) in base 3?
0
Convert -101001 (base 2) to base 15.
-2b
Convert 1010 (base 3) to base 15.
20
Convert 11 (base 13) to base 15.
e
What is -96 (base 15) in base 13?
-ab
Convert 2 (base 5) to base 9.
2
Convert 10 (base 13) to base 7.
16
Convert -31 (base 6) to base 12.
-17
Convert -40 (base 5) to base 16.
-14
Convert 10 (base 8) to base 6.
12
23 (base 9) to base 8
25
Convert 11010 (base 2) to base 6.
42
What is -2201 (base 3) in base 8?
-111
100110000 (base 2) to base 14
17a
Convert -23 (base 10) to base 6.
-35
Convert -5 (base 11) to base 8.
-5
Convert -21 (base 5) to base 2.
-1011
What is 17 (base 12) in base 13?
16
-20 (base 3) to base 5
-11
What is 1 (base 10) in base 15?
1
Convert 7 (base 9) to base 11.
7
Convert 30 (base 9) to base 6.
43
Convert -48 (base 9) to base 3.
-1122
Convert 4 (base 5) to base 2.
100
What is 7 (base 10) in base 15?
7
0 (base 7) to base 13
0
-5 (base 16) to base 5
-10
Convert -7 (base 14) to base 13.
-7
Convert -2d (base 16) to base 10.
-45
-16 (base 11) to base 16
-11
1 (base 7) to base 9
1
Convert -20 (base 5) to base 11.
-a
11 (base 2) to base 6
3
10210 (base 3) to base 9
123
What is 2e (base 16) in base 3?
1201
What is -4 (base 8) in base 4?
-10
0 (base 14) to base 13
0
Convert 87 (base 10) to base 16.
57
What is 34 (base 7) in base 11?
23
Convert -6 (base 12) to base 16.
-6
2 (base 6) to base 12
2
Convert 4 (base 13) to base 2.
100
Convert -100 (base 3) to base 13.
-9
-29 (base 10) to base 11
-27
What is -2 (base 12) in base 6?
-2
-3 (base 11) to base 6
-3
27 (base 8) to base 6
35
Convert 1100 (base 2) to base 4.
30
What is 182 (base 9) in base 5?
1110
-5 (base 8) to base 6
-5
What is -32 (base 15) in base 4?
-233
Convert -11 (base 4) to base 7.
-5
Convert -3 (base 6) to base 16.
-3
-1213 (base 6) to base 5
-2142
What is -1124 (base 6) in base 7?
-532
What is 42 (base 16) in base 9?
73
What is -41 (base 11) in base 6?
-113
What is 0 (base 4) in base 7?
0
-3 (base 6) to base 13
-3
Convert 2 (base 14) to base 13.
2
-157 (base 15) to base 3
-102101
Convert -331 (base 8) to base 13.
-139
1101010 (base 2) to base 7
211
-49 (base 13) to base 3
-2021
0 (base 11) to base 7
0
110 (base 2) to base 8
6
What is 306 (base 11) in base 9?
450
462 (base 9) to base 3
112002
-1223 (base 5) to base 6
-512
What is -10 (base 13) in base 15?
-d
What is 146 (base 7) in base 9?
102
-47 (base 10) to base 13
-38
What is 22 (base 10) in base 6?
34
What is 3 (base 6) in base 15?
3
What is 5 (base 16) in base 8?
5
Convert -2 (base 4) to base 10.
-2
Convert -5 (base 7) to base 11.
-5
What is -4 (base 5) in base 12?
-4
-22 (base 4) to base 10
-10
db (base 16) to base 14
119
What is -2 (base 16) in base 8?
-2
6 (base 13) to base 11
6
-16 (base 15) to base 2
-10101
What is 304 (base 6) in base 9?
134
1110111 (base 2) to base 13
92
15 (base 11) to base 9
17
-1002 (base 6) to base 9
-262
b (base 15) to base 11
10
78 (base 14) to base 11
97
What is 5 (base 15) in base 4?
11
What is -541 (base 6) in base 10?
-205
6 (base 14) to base 11
6
Convert -29 (base 11) to base 2.
-11111
Convert 83 (base 9) to base 14.
55
Convert -113 (base 15) to base 11.
-201
5 (base 13) to base 4
11
16c (base 14) to base 2
100100100
What is 21102 (base 3) in base 16?
c8
Convert -11011 (base 2) to base 5.
-102
-14 (base 5) to base 10
-9
Convert 0 (base 14) to base 16.
0
5 (base 15) to base 16
5
Convert -40 (base 10) to base 4.
-220
What is 5 (base 14) in base 13?
5
-1 (base 15) to base 7
-1
Convert -203 (base 8) to base 4.
-2003
-3 (base 4) to base 14
-3
What is 20 (base 3) in base 8?
6
Convert -195 (base 10) to base 4.
-3003
Convert -f5 (base 16) to base 14.
-137
-231 (base 6) to base 16
-5b
-18 (base 16) to base 3
-220
Convert -1c (base 14) to base 15.
-1b
What is -20 (base 6) in base 5?
-22
Convert -3 (base 16) to base 13.
-3
What is 20 (base 10) in base 2?
10100
What is -3 (base 11) in base 16?
-3
31 (base 4) to base 9
14
-2221 (base 3) to base 7
-142
What is cd (base 16) in base 4?
3031
-2 (base 9) to base 16
-2
Convert 4 (base 14) to base 8.
4
159 (base 14) to base 9
335
-138 (base 9) to base 15
-7b
What is -3f (base 16) in base 3?
-2100
What is 101111 (base 2) in base 4?
233
Convert -10202 (base 3) to base 12.
-85
-14 (base 9) to base 13
-10
What is -1 (base 16) in base 9?
-1
-35 (base 10) to base 14
-27
What is -10 (base 15) in base 10?
-15
What is -14 (base 5) in base 11?
-9
Convert 10 (base 8) to base 6.
12
14 (base 11) to base 12
13
3211 (base 4) to base 13
148
-11 (base 9) to base 13
-a
4 (base 16) to base 2
100
What is -11 (base 5) in base 13?
-6
-2 (base 4) to base 10
-2
Convert -2211 (base 3) to base 16.
-4c
What is 0 (base 13) in base 11?
0
What is 2 (base 12) in base 4?
2
Convert 352 (base 7) to base 6.
504
a4 (base 13) to base 16
86
-16 (base 7) to base 14
-d
Convert -32 (base 4) to base 8.
-16
52 (base 8) to base 13
33
Convert 4 (base 9) to base 7.
4
Convert 10 (base 14) to base 8.
16
-1011100 (base 2) to base 12
-78
Convert 2 (base 10) to base 7.
2
Convert -11000 (base 2) to base 13.
-1b
What is -356 (base 7) in base 4?
-2330
Convert 10 (base 2) to base 14.
2
-82 (base 13) to base 16
-6a
-6 (base 12) to base 16
-6
What is 1001 (base 3) in base 6?
44
Convert 1303 (base 4) to base 10.
115
What is -1 (base 14) in base 11?
-1
What is 2 (base 12) in base 13?
2
-15 (base 14) to base 6
-31
14 (base 6) to base 5
20
-1000 (base 2) to base 6
-12
Convert 16 (base 11) to base 13.
14
-5 (base 14) to base 6
-5
Convert -101111 (base 2) to base 3.
-1202
-9 (base 16) to base 15
-9
What is 13 (base 14) in base 7?
23
What is -6 (base 9) in base 6?
-10
What is 5 (base 8) in base 15?
5
Convert 1 (base 8) to base 3.
1
0 (base 15) to base 13
0
What is 1110111 (base 2) in base 10?
119
What is -20 (base 5) in base 9?
-11
b (base 13) to base 15
b
-5 (base 16) to base 14
-5
What is -3 (base 16) in base 9?
-3
14 (base 6) to base 4
22
12 (base 3) to base 16
5
What is 37 (base 12) in base 3?
1121
2 (base 16) to base 2
10
14 (base 12) to base 6
24
What is a7 (base 14) in base 10?
147
What is -3 (b